{"id":30,"date":"2019-08-29T18:49:29","date_gmt":"2019-08-29T16:49:29","guid":{"rendered":"http:\/\/rolnik.tbg.net.pl\/erasmusplus2019\/?page_id=30"},"modified":"2022-01-05T10:39:50","modified_gmt":"2022-01-05T09:39:50","slug":"ii-tura-wyjazdowa-do-sewilli","status":"publish","type":"page","link":"http:\/\/rolnik.tbg.net.pl\/erasmusplus2019\/ii-tura-wyjazdowa-do-sewilli\/","title":{"rendered":"II tura wyjazdowa do Sewilli"},"content":{"rendered":"\t\t<div data-elementor-type=\"post\" data-elementor-id=\"30\" class=\"elementor elementor-30\" data-elementor-settings=\"[]\">\n\t\t\t<div class=\"elementor-inner\">\n\t\t\t\t<div class=\"elementor-section-wrap\">\n\t\t\t\t\t\t\t<section class=\"elementor-element elementor-element-dc07027 elementor-section-boxed elementor-section-height-default elementor-section-height-default elementor-section elementor-top-section\" data-id=\"dc07027\" data-element_type=\"section\">\n\t\t\t\t\t\t<div class=\"elementor-container elementor-column-gap-default\">\n\t\t\t\t<div class=\"elementor-row\">\n\t\t\t\t<div class=\"elementor-element elementor-element-430c572f elementor-column elementor-col-100 elementor-top-column\" data-id=\"430c572f\" data-element_type=\"column\">\n\t\t\t<div class=\"elementor-column-wrap  elementor-element-populated\">\n\t\t\t\t\t<div class=\"elementor-widget-wrap\">\n\t\t\t\t<div class=\"elementor-element elementor-element-27ae48c2 elementor-widget elementor-widget-text-editor\" data-id=\"27ae48c2\" data-element_type=\"widget\" data-widget_type=\"text-editor.default\">\n\t\t\t\t<div class=\"elementor-widget-container\">\n\t\t\t\t\t<div class=\"elementor-text-editor elementor-clearfix\"><p><!-- wp:heading {\"level\":3,\"align\":\"center\"} --><\/p>\n<h3 style=\"text-align: center;\">pa\u017adziernik\\listopad 2021<\/h3>\n<p><!-- \/wp:heading --><\/p><\/div>\n\t\t\t\t<\/div>\n\t\t\t\t<\/div>\n\t\t\t\t\t\t<\/div>\n\t\t\t<\/div>\n\t\t<\/div>\n\t\t\t\t\t\t<\/div>\n\t\t\t<\/div>\n\t\t<\/section>\n\t\t\t\t<section class=\"elementor-element elementor-element-a68e956 elementor-section-boxed elementor-section-height-default elementor-section-height-default elementor-section elementor-top-section\" data-id=\"a68e956\" data-element_type=\"section\">\n\t\t\t\t\t\t<div class=\"elementor-container elementor-column-gap-default\">\n\t\t\t\t<div class=\"elementor-row\">\n\t\t\t\t<div class=\"elementor-element elementor-element-228a201 elementor-column elementor-col-100 elementor-top-column\" data-id=\"228a201\" data-element_type=\"column\">\n\t\t\t<div class=\"elementor-column-wrap  elementor-element-populated\">\n\t\t\t\t\t<div class=\"elementor-widget-wrap\">\n\t\t\t\t<div class=\"elementor-element elementor-element-7dfef4d elementor-widget elementor-widget-text-editor\" data-id=\"7dfef4d\" data-element_type=\"widget\" data-widget_type=\"text-editor.default\">\n\t\t\t\t<div class=\"elementor-widget-container\">\n\t\t\t\t\t<div class=\"elementor-text-editor elementor-clearfix\"><h4>Z powodu pandemii koronawirusa wyjazd II grupy sta\u017cyst\u00f3w zosta\u0142 przesuni\u0119ty na pa\u017adziernik\\listopad 2021<\/h4>\n<h4><strong style=\"letter-spacing: 0px;\"><a href=\"https:\/\/www.facebook.com\/media\/set?vanity=zsrtbg&amp;set=a.3517087185013384\"><span style=\"color: #0000ff; text-decoration-line: underline;\">Zobacz przygotowania do wyjazdu na sta\u017ce oraz przebieg sta\u017c\u00f3w w albumie na szkolnym Facebooku.<\/span><\/a><\/strong><\/h4>\n<h4>\u00a0<\/h4>\n<p><iframe loading=\"lazy\" src=\"https:\/\/docs.google.com\/presentation\/d\/e\/2PACX-1vTQKqIooEyD_eu-s36ck4QLR0Y2P1sUZ0EZvKwfGQ7BSFGEFD1BSjWBKXJv6CcjwA\/embed?start=false&amp;loop=false&amp;delayms=3000\" width=\"960\" height=\"500\" frameborder=\"0\" allowfullscreen=\"allowfullscreen\"><\/iframe> <iframe loading=\"lazy\" src=\"https:\/\/docs.google.com\/presentation\/d\/e\/2PACX-1vTfi_rsCeU4s55kEmqDFC-wbM4Vo1r8jHqsV6hRwthRrF969ifeUg7IcFTLJCao7g\/embed?start=false&amp;loop=false&amp;delayms=3000\" width=\"960\" height=\"500\" frameborder=\"0\" allowfullscreen=\"allowfullscreen\"><\/iframe> <iframe loading=\"lazy\" src=\"https:\/\/docs.google.com\/presentation\/d\/e\/2PACX-1vTJY4QW5riVJw-4a2jJVMnHiGsxFxyrNLWDTQccfbLetJp9sv6fdutvFBz6VnhlvA\/embed?start=false&amp;loop=false&amp;delayms=3000\" width=\"960\" height=\"500\" frameborder=\"0\" allowfullscreen=\"allowfullscreen\"><\/iframe> <iframe loading=\"lazy\" src=\"https:\/\/docs.google.com\/presentation\/d\/e\/2PACX-1vQCUu8muxRPTrQqAegCU1o5Lp5ZKlXXzRzfqky2RA-GZb1h8SEGPtssjNLGAm9LMQ\/embed?start=false&amp;loop=false&amp;delayms=3000\" width=\"1280\" height=\"500\" frameborder=\"0\" allowfullscreen=\"allowfullscreen\"><\/iframe> <iframe loading=\"lazy\" src=\"https:\/\/docs.google.com\/presentation\/d\/e\/2PACX-1vR9mi7SptVmrY-uFgcas_8ISTOwdnaWbmRRm05MJ97KY9U6v64cgTxK49Exv59WWQ\/embed?start=false&amp;loop=false&amp;delayms=3000\" width=\"1280\" height=\"500\" frameborder=\"0\" allowfullscreen=\"allowfullscreen\"><\/iframe><img loading=\"lazy\" decoding=\"async\" class=\"alignnone  wp-image-365\" src=\"http:\/\/rolnik.tbg.net.pl\/erasmusplus2019\/wp-content\/uploads\/2022\/01\/gazetka3-300x225.jpg\" alt=\"\" width=\"504\" height=\"380\" \/><\/p>\n<p><iframe loading=\"lazy\" style=\"border: none; overflow: hidden;\" src=\"https:\/\/www.facebook.com\/plugins\/post.php?href=https%3A%2F%2Fwww.facebook.com%2Fzsrtbg%2Fposts%2F4564521240269968&amp;show_text=true&amp;width=500\" width=\"500\" height=\"503\" frameborder=\"0\" scrolling=\"no\" allowfullscreen=\"allowfullscreen\"><\/iframe> <iframe loading=\"lazy\" style=\"border: none; overflow: hidden;\" src=\"https:\/\/www.facebook.com\/plugins\/post.php?href=https%3A%2F%2Fwww.facebook.com%2Fzsrtbg%2Fposts%2F4564536170268475&amp;show_text=true&amp;width=500\" width=\"500\" height=\"781\" frameborder=\"0\" scrolling=\"no\" allowfullscreen=\"allowfullscreen\"><\/iframe><\/p>\n<p><iframe loading=\"lazy\" style=\"border: none; overflow: hidden;\" src=\"https:\/\/www.facebook.com\/plugins\/post.php?href=https%3A%2F%2Fwww.facebook.com%2Fzsrtbg%2Fposts%2F4438155976239829&amp;show_text=true&amp;width=500\" width=\"500\" height=\"526\" frameborder=\"0\" scrolling=\"no\" allowfullscreen=\"allowfullscreen\"><\/iframe> <iframe loading=\"lazy\" style=\"border: none; overflow: hidden;\" src=\"https:\/\/www.facebook.com\/plugins\/post.php?href=https%3A%2F%2Fwww.facebook.com%2Fzsrtbg%2Fposts%2F4437843156271111&amp;show_text=true&amp;width=500\" width=\"500\" height=\"507\" frameborder=\"0\" scrolling=\"no\" allowfullscreen=\"allowfullscreen\"><\/iframe> <iframe loading=\"lazy\" style=\"border: none; overflow: hidden;\" src=\"https:\/\/www.facebook.com\/plugins\/post.php?href=https%3A%2F%2Fwww.facebook.com%2Fzsrtbg%2Fposts%2F4437476752974418&amp;show_text=true&amp;width=500\" width=\"500\" height=\"742\" frameborder=\"0\" scrolling=\"no\" allowfullscreen=\"allowfullscreen\"><\/iframe> <iframe loading=\"lazy\" style=\"border: none; overflow: hidden;\" src=\"https:\/\/www.facebook.com\/plugins\/post.php?href=https%3A%2F%2Fwww.facebook.com%2Fzsrtbg%2Fposts%2F4434893693232724&amp;show_text=true&amp;width=500\" width=\"500\" height=\"703\" frameborder=\"0\" scrolling=\"no\" allowfullscreen=\"allowfullscreen\"><\/iframe> <iframe loading=\"lazy\" style=\"border: none; overflow: hidden;\" src=\"https:\/\/www.facebook.com\/plugins\/video.php?height=294&amp;href=https%3A%2F%2Fwww.facebook.com%2Fzsrtbg%2Fvideos%2F463161071804242%2F&amp;show_text=false&amp;width=560&amp;t=0\" width=\"560\" height=\"294\" frameborder=\"0\" scrolling=\"no\" allowfullscreen=\"allowfullscreen\"><\/iframe> <iframe loading=\"lazy\" style=\"border: none; overflow: hidden;\" src=\"https:\/\/www.facebook.com\/plugins\/video.php?height=476&amp;href=https%3A%2F%2Fwww.facebook.com%2Fzsrtbg%2Fvideos%2F4561114003949985%2F&amp;show_text=false&amp;width=476&amp;t=0\" width=\"476\" height=\"476\" frameborder=\"0\" scrolling=\"no\" allowfullscreen=\"allowfullscreen\"><\/iframe> <iframe loading=\"lazy\" style=\"border: none; overflow: hidden;\" src=\"https:\/\/www.facebook.com\/plugins\/video.php?height=420&amp;href=https%3A%2F%2Fwww.facebook.com%2Fzsrtbg%2Fvideos%2F935292920418055%2F&amp;show_text=false&amp;width=560&amp;t=0\" width=\"560\" height=\"420\" frameborder=\"0\" scrolling=\"no\" allowfullscreen=\"allowfullscreen\"><\/iframe> <iframe loading=\"lazy\" style=\"border: none; overflow: hidden;\" src=\"https:\/\/www.facebook.com\/plugins\/post.php?href=https%3A%2F%2Fwww.facebook.com%2Fzsrtbg%2Fposts%2F4414653055256788&amp;show_text=true&amp;width=500\" width=\"500\" height=\"742\" frameborder=\"0\" scrolling=\"no\" allowfullscreen=\"allowfullscreen\"><\/iframe> <iframe loading=\"lazy\" style=\"border: none; overflow: hidden;\" src=\"https:\/\/www.facebook.com\/plugins\/post.php?href=https%3A%2F%2Fwww.facebook.com%2Fzsrtbg%2Fposts%2F4406655489389878&amp;show_text=true&amp;width=500\" width=\"500\" height=\"684\" frameborder=\"0\" scrolling=\"no\" allowfullscreen=\"allowfullscreen\"><\/iframe> <iframe loading=\"lazy\" style=\"border: none; overflow: hidden;\" src=\"https:\/\/www.facebook.com\/plugins\/post.php?href=https%3A%2F%2Fwww.facebook.com%2Fzsrtbg%2Fposts%2F4397374966984597&amp;show_text=true&amp;width=500\" width=\"500\" height=\"742\" frameborder=\"0\" scrolling=\"no\" allowfullscreen=\"allowfullscreen\"><\/iframe> <iframe loading=\"lazy\" style=\"border: none; overflow: hidden;\" src=\"https:\/\/www.facebook.com\/plugins\/post.php?href=https%3A%2F%2Fwww.facebook.com%2Fzsrtbg%2Fposts%2F4383996471655780&amp;show_text=true&amp;width=500\" width=\"500\" height=\"723\" frameborder=\"0\" scrolling=\"no\" allowfullscreen=\"allowfullscreen\"><\/iframe> <iframe loading=\"lazy\" style=\"border: none; overflow: hidden;\" src=\"https:\/\/www.facebook.com\/plugins\/post.php?href=https%3A%2F%2Fwww.facebook.com%2Fzsrtbg%2Fposts%2F4375873982468029&amp;show_text=true&amp;width=500\" width=\"500\" height=\"742\" frameborder=\"0\" scrolling=\"no\" allowfullscreen=\"allowfullscreen\"><\/iframe> <iframe loading=\"lazy\" style=\"border: none; overflow: hidden;\" src=\"https:\/\/www.facebook.com\/plugins\/post.php?href=https%3A%2F%2Fwww.facebook.com%2Fzsrtbg%2Fposts%2F4430148500373910&amp;show_text=true&amp;width=500\" width=\"500\" height=\"652\" frameborder=\"0\" scrolling=\"no\" allowfullscreen=\"allowfullscreen\"><\/iframe> <iframe loading=\"lazy\" style=\"border: none; overflow: hidden;\" src=\"https:\/\/www.facebook.com\/plugins\/post.php?href=https%3A%2F%2Fwww.facebook.com%2Fzsrtbg%2Fposts%2F4369348499787244&amp;show_text=true&amp;width=500\" width=\"500\" height=\"800\" frameborder=\"0\" scrolling=\"no\" allowfullscreen=\"allowfullscreen\"><\/iframe><\/p>\n<h5>\u00a0<\/h5>\n<h5><em>03.06.2020<\/em><\/h5>\n<p>Przygotowania tej grupy do wyjazdu s\u0105 w toku:<\/p>\n<ul>\n<li>grupa szlifuje j\u0119zyk angielski na platformie OLS<\/li>\n<\/ul>\n<h5><em>20.12.2020<\/em><\/h5>\n<ul>\n<li>zako\u0144czy\u0142 si\u0119 kurs j\u0119zyka angielskiego zawodowego prowadzony przez nauczyciela angielskiego cz\u0119sciowo w formie online<\/li>\n<\/ul>\n<h5>\u00a0<\/h5>\n<p>\u00a0<\/p><\/div>\n\t\t\t\t<\/div>\n\t\t\t\t<\/div>\n\t\t\t\t\t\t<\/div>\n\t\t\t<\/div>\n\t\t<\/div>\n\t\t\t\t\t\t<\/div>\n\t\t\t<\/div>\n\t\t<\/section>\n\t\t\t\t\t\t<\/div>\n\t\t\t<\/div>\n\t\t<\/div>\n\t\t","protected":false},"excerpt":{"rendered":"<p>pa\u017adzierniklistopad 2021 Z powodu pandemii koronawirusa wyjazd II grupy sta\u017cyst\u00f3w zosta\u0142 przesuni\u0119ty na pa\u017adzierniklistopad 2021 Zobacz przygotowania do wyjazdu na sta\u017ce oraz przebieg sta\u017c\u00f3w w albumie na szkolnym Facebooku. \u00a0 \u00a0 03.06.2020 Przygotowania tej grupy do wyjazdu s\u0105 w toku: grupa szlifuje j\u0119zyk angielski na platformie OLS 20.12.2020 zako\u0144czy\u0142 si\u0119 kurs j\u0119zyka angielskiego zawodowego prowadzony przez nauczyciela angielskiego cz\u0119sciowo w formie online \u00a0 \u00a0<\/p>\n","protected":false},"author":1,"featured_media":0,"parent":0,"menu_order":0,"comment_status":"closed","ping_status":"closed","template":"","meta":{"footnotes":""},"_links":{"self":[{"href":"http:\/\/rolnik.tbg.net.pl\/erasmusplus2019\/wp-json\/wp\/v2\/pages\/30"}],"collection":[{"href":"http:\/\/rolnik.tbg.net.pl\/erasmusplus2019\/wp-json\/wp\/v2\/pages"}],"about":[{"href":"http:\/\/rolnik.tbg.net.pl\/erasmusplus2019\/wp-json\/wp\/v2\/types\/page"}],"author":[{"embeddable":true,"href":"http:\/\/rolnik.tbg.net.pl\/erasmusplus2019\/wp-json\/wp\/v2\/users\/1"}],"replies":[{"embeddable":true,"href":"http:\/\/rolnik.tbg.net.pl\/erasmusplus2019\/wp-json\/wp\/v2\/comments?post=30"}],"version-history":[{"count":19,"href":"http:\/\/rolnik.tbg.net.pl\/erasmusplus2019\/wp-json\/wp\/v2\/pages\/30\/revisions"}],"predecessor-version":[{"id":366,"href":"http:\/\/rolnik.tbg.net.pl\/erasmusplus2019\/wp-json\/wp\/v2\/pages\/30\/revisions\/366"}],"wp:attachment":[{"href":"http:\/\/rolnik.tbg.net.pl\/erasmusplus2019\/wp-json\/wp\/v2\/media?parent=30"}],"curies":[{"name":"wp","href":"https:\/\/api.w.org\/{rel}","templated":true}]}}